culate the highest common factor of 57 and 1311.
57
What is the highest common divisor of 20908 and 4?
4
Calculate the greatest common divisor of 488 and 61.
61
What is the greatest common factor of 744 and 24?
24
Calculate the greatest common divisor of 32 and 556.
4
What is the highest common divisor of 4654 and 52?
26
Calculate the highest common divisor of 40 and 4120.
40
Calculate the highest common factor of 6 and 942.
6
What is the greatest common factor of 8 and 13584?
8
Calculate the highest common factor of 70 and 9590.
70
What is the highest common factor of 56 and 252?
28
Calculate the highest common factor of 1032 and 24.
24
Calculate the greatest common factor of 357 and 1938.
51
What is the greatest common divisor of 24 and 4296?
24
What is the highest common factor of 35 and 295?
5
Calculate the greatest common divisor of 7644 and 117.
39
Calculate the highest common divisor of 6520 and 40.
40
What is the greatest common divisor of 14 and 2744?
14
What is the greatest common factor of 189 and 21?
21
Calculate the highest common factor of 477 and 106.
53
Calculate the greatest common factor of 95 and 361.
19
Calculate the highest common factor of 270 and 2810.
10
What is the highest common factor of 207 and 3772?
23
Calculate the greatest common divisor of 26 and 143.
13
What is the greatest common divisor of 41350 and 50?
50
Calculate the highest common factor of 5 and 1453.
1
What is the highest common factor of 21 and 300?
3
What is the greatest common factor of 618 and 18?
6
Calculate the greatest common divisor of 41 and 13079.
41
What is the highest common factor of 82 and 24?
2
What is the highest common factor of 590 and 20?
10
Calculate the highest common factor of 2 and 184.
2
What is the highest common divisor of 141 and 235?
47
Calculate the greatest common factor of 16665 and 165.
165
Calculate the highest common factor of 1339 and 103.
103
What is the greatest common divisor of 17 and 425?
17
Calculate the greatest common divisor of 145 and 11542.
29
Calculate the greatest common divisor of 10881 and 1404.
351
Calculate the highest common divisor of 2250 and 54.
18
What is the greatest common divisor of 8748 and 60?
12
What is the highest common divisor of 969 and 153?
51
What is the greatest common divisor of 8 and 3784?
8
Calculate the greatest common divisor of 630 and 280.
70
Calculate the greatest common divisor of 34 and 45679.
17
Calculate the greatest common factor of 30 and 93.
3
What is the highest common divisor of 2574 and 806?
26
Calculate the highest common divisor of 26649 and 329.
329
Calculate the highest common factor of 10 and 320.
10
Calculate the greatest common divisor of 122 and 7747.
61
What is the greatest common divisor of 784 and 64?
16
What is the highest common divisor of 104 and 28?
4
What is the greatest common factor of 2242 and 342?
38
Calculate the highest common divisor of 154 and 66.
22
Calculate the highest common divisor of 224 and 40.
8
What is the highest common factor of 143 and 187?
11
What is the highest common divisor of 288 and 648?
72
Calculate the highest common divisor of 16100 and 21.
7
Calculate the highest common factor of 243 and 33939.
81
What is the greatest common divisor of 60 and 84?
12
What is the highest common factor of 278 and 7?
1
Calculate the greatest common factor of 10 and 940.
10
What is the highest common factor of 83 and 3569?
83
Calculate the highest common factor of 66 and 55.
11
Calculate the highest common factor of 2886 and 104.
26
What is the highest common divisor of 108 and 14526?
54
What is the highest common divisor of 168 and 120?
24
What is the highest common divisor of 42 and 270?
6
Calculate the greatest common divisor of 22 and 946.
22
What is the greatest common factor of 10112 and 384?
128
What is the highest common divisor of 35 and 5315?
5
Calculate the highest common divisor of 55374 and 66.
66
Calculate the greatest common factor of 275 and 75.
25
What is the greatest common factor of 876 and 42?
6
Calculate the greatest common divisor of 10950 and 6.
6
Calculate the highest common divisor of 90 and 36.
18
What is the greatest common factor of 1717 and 170?
17
Calculate the highest common divisor of 1 and 3469.
1
What is the highest common factor of 24 and 296?
8
Calculate the greatest common divisor of 9936 and 720.
144
Calculate the highest common divisor of 18 and 3330.
18
Calculate the greatest common divisor of 4959 and 152.
19
What is the highest common divisor of 553 and 632?
79
Calculate the greatest common factor of 68 and 187.
17
What is the greatest common factor of 301 and 1075?
43
Calculate the greatest common divisor of 150 and 260.
10
What is the highest common divisor of 501 and 3?
3
Calculate the greatest common divisor of 4608 and 54.
18
Calculate the highest common divisor of 18 and 278.
2
What is the highest common divisor of 24 and 1864?
8
Calculate the highest common divisor of 49 and 111769.
49
Calculate the greatest common factor of 17 and 34204.
17
Calculate the greatest common divisor of 338 and 4.
2
Calculate the greatest common factor of 910 and 154.
14
Calculate the highest common factor of 370 and 10.
10
What is the highest common factor of 4 and 114?
2
Calculate the highest common factor of 3 and 5.
1
What is the greatest common factor of 3216 and 96?
48
Calculate the greatest common factor of 2500 and 40.
20
What is the highest common factor of 4 and 404?
4
What is the greatest common divisor of 48 and 3?
3
Calculate the greatest common divisor of 8 and 62.
2
Calculate the greatest common factor of 1122 and 1377.
51
Calculate the highest common divisor of 784 and 16.
16
Calculate the greatest common divisor of 22 and 27632.
22
What is the highest common divisor of 10 and 356?
2
What is the greatest common divisor of 1 and 1019?
1
Calculate the highest common factor of 294 and 6.
6
What is the greatest common factor of 22 and 638?
22
Calculate the highest common divisor of 27 and 162.
27
What is the highest common divisor of 495 and 7326?
99
Calculate the greatest common factor of 1650 and 198.
66
What is the highest common divisor of 2500 and 2300?
100
Calculate the greatest common divisor of 9374 and 218.
218
Calculate the greatest common divisor of 165 and 66.
33
Calculate the highest common divisor of 35 and 40.
5
What is the greatest common factor of 14 and 14?
14
Calculate the greatest common divisor of 642 and 2461.
107
Calculate the highest common divisor of 2975 and 1904.
119
What is the greatest common factor of 299 and 115?
23
What is the highest common factor of 11 and 104962?
11
What is the greatest common divisor of 228 and 1260?
12
Calculate the greatest common factor of 1558 and 82.
82
What is the greatest common factor of 144 and 64?
16
What is the highest common divisor of 183 and 671?
61
Calculate the greatest common divisor of 24684 and 136.
68
What is the greatest common divisor of 355 and 15?
5
What is the greatest common divisor of 5 and 245?
5
What is the greatest common divisor of 98 and 4949?
49
What is the greatest common factor of 9 and 9?
9
What is the highest common divisor of 259 and 28?
7
Calculate the highest common divisor of 9723 and 21.
21
Calculate the greatest common factor of 2 and 2344.
2
What is the highest common factor of 280 and 53760?
280
Calculate the highest common factor of 1672 and 38.
38
Calculate the highest common divisor of 713 and 897.
23
Calculate the greatest common divisor of 1271 and 41.
41
Calculate the greatest common factor of 28 and 35.
7
Calculate the highest common divisor of 104 and 234.
26
What is the highest common divisor of 25433 and 29?
29
Calculate the greatest common divisor of 30 and 750.
30
What is the highest common factor of 318 and 1378?
106
What is the highest common factor of 1572 and 108?
12
Calculate the highest common divisor of 164 and 11562.
82
Calculate the greatest common factor of 73 and 73.
73
What is the highest common divisor of 150 and 950?
50
Calculate the highest common divisor of 845 and 1235.
65
What is the highest common factor of 2052 and 132?
12
Calculate the greatest common factor of 425 and 75.
25
What is the highest common factor of 90 and 666?
18
What is the highest common divisor of 39 and 